{"id":31,"date":"2021-07-01T10:40:44","date_gmt":"2021-07-01T10:40:44","guid":{"rendered":"https:\/\/www.tliy.ee\/?page_id=31"},"modified":"2021-07-01T10:46:39","modified_gmt":"2021-07-01T10:46:39","slug":"pohikiri","status":"publish","type":"page","link":"https:\/\/www.tliy.ee\/?page_id=31","title":{"rendered":"P\u00f5hikiri"},"content":{"rendered":"\n<p><strong>TALLINNA LIIKUMISPUUDEGA INIMESTE \u00dcHING P\u00d5HIKIRI<\/strong><\/p>\n\n\n\n<ol class=\"wp-block-list\"><li>\u00dclds\u00e4tted<br>1.1 \u00dchingu nimi on Tallinna Liikumispuudega Inimeste \u00dching.<br>1.2 \u00dchingu ametlik l\u00fchend \u2013 TLI\u00dc<br>1.3 TLI\u00dc on parteipoliitiliselt ja religioosselt s\u00f5ltumatu avalikes huvides tegutsev vabatahtlik ja heategevuslik \u00fchendus.<br>1.4 TLI\u00dc on mittetulunduslik era\u00f5iguslik juriidiline isik, mille eesm\u00e4rk on koondada k\u00f5igi Tallinna liikumispuudega inimeste huvid ja seista nende \u00fchishuvide eest v\u00f5imu- ja valitsemisorganites.<br>1.5 TLI\u00dc liikmeteks saavad olla k\u00f5ik, Eestis elava liikumispuudega inimesed, kes on selleks ise soovi avaldanud ja t\u00e4itnud liikmeksastumise avalduse.<br>1.6 TLI\u00dc majandustegevus on k\u00f5rval tegevus, millest saadavat tulu kasutatakse p\u00f5hikirjaliste eesm\u00e4rkide saavutamiseks. Majandustegevusest saadavat tulu liikmete vahel ei jaotada.<br>1.7 \u00dchingu majandusaasta algab 01. jaanuar ja l\u00f5ppeb 31.detsemberil.<br>1.8 TLI\u00dc juhindub oma tegevuses Eesti Vabariigi seadustest, \u00f5igusaktidest, k\u00e4esolevast p\u00f5hikirjast ja oma tegevuskavast.<br>1.9 TLI\u00dc asukoht on Eesti Vabariik, Tallinn<\/li><li>TLI\u00dc tegevuse eesm\u00e4rgid<br>2.1. TLI\u00dc peamine tegevuse eesm\u00e4rgiks on Tallinna ja Harjumaa liikumispuudega inimeste \u00fchishuvide eest seismine. \u00dchishuvid on k\u00f5igi Tallinna liikumispuudega ja \u00fchingu liikmete huvid.<br>2.2. \u00dching teostab j\u00e4relvalvet puuetega inimeste v\u00f5rdsete v\u00f5imaluste standardreeglite t\u00e4itmise \u00fcle ja aitab igati kaasa nende elluviimisele.<br>2.3. Liikmete ja nende toetajate \u00fchendamine aktiivseks osalemiseks, samuti liikmete probleemide v\u00e4ljaselgitamisele, avalikustamisele ja lahendamisele kaasaaitamine.<br>2.4. Liikmete huvide kaitsmine riiklikes ning kohalikes v\u00f5imu- ja valitsemis-organites.<br>2.5. Koost\u00f6\u00f6s erinevate asutustega \u2013 omavalitsusorganid, sotsiaal-, tervishoiu- ja haridusasutused \u2013 liikumispuudega probleemide lahendamisele ning liikumispuudega elanike integreerimisele tava\u00fchiskonda kaasaaitamine, neile v\u00f5rdsete \u00f5iguste tagamine osav\u00f5tuks t\u00e4isv\u00e4\u00e4rtuslikust elust. Sidemete s\u00f5lmimine ja koost\u00f6\u00f6 erinevate \u00fchingute, seltside, kodade ning liitudega ja teiste \u00dchingu tegevusest huvitatud juriidiliste ja f\u00fc\u00fcsiliste isikutega Eesti Vabariigis ja v\u00e4lisriikides.<br>2.6. TLI\u00dc liikmete koolitamine toimetulekuks \u2013 loengute, teabep\u00e4evade, seminaride, kursuste, n\u00f5ustamiste, diskussioonide korraldamine.<br>2.7. Heategevuslike \u00fcrituste, n\u00e4ituste, korjanduste, laagrite ja muude tulu\u00fcrituste korraldamine p\u00f5hikirjaliste eesm\u00e4rkide saavutamiseks.<br>2.8. Liikmete harrastus- ja \u00fchistegevuse korraldamine.<br>2.9. \u00dchingu tegevuse eesm\u00e4rk ei ole majandustegevuse kaudu tulu saamine.<br>2.10. TLI\u00dc-l on \u00f5igus:<br>2.10.1. Arendada majandustegevust seadusega lubatu piirides.<br>2.10.2. Luua sihtasutusi Tallinna liikumispuudega inimeste huvides.<br>2.10.3. Anda v\u00e4lja tr\u00fckiseid.<br>2.10.4. Kasutada palgalisi t\u00f6\u00f6tajaid.<\/li><li>TLI\u00dc liige, liikmeks vastuv\u00f5tmise, v\u00e4ljaastumise ja v\u00e4ljaarvamise kord<br>3.1. TLI\u00dc liige<br>3.1.1. Liikmeks v\u00f5ivad olla k\u00f5ik Eestis elavad liikumispuudega inimesed ning f\u00fc\u00fcsilised ja juriidilised isikud, kelle eesm\u00e4rgiks on TLI\u00dc p\u00f5hikirjaliste \u00fclesannete lahendamisele kaasaaitamine. TLI\u00dc seisab peamiselt Tallinna liikmete eest aga \u00fctleb ka v\u00f5imalusel s\u00f5na sekka teiste liikmete eest.<br>3.2. TLI\u00dc liikmete vastuv\u00f5tmine<br>3.2.1. Liikmeks astumiseks esitab taotleja TLI\u00dc juhatusele vormikohase avalduse ja tasub liikmemaksu TLI\u00dc arveldusarvele.<br>3.2.2. Juhatus kontrollib liikmeks astumise taotluse vastavust ja liikmemaksu tasumist.<br>3.2.3. Liikmeks vastuv\u00f5tmise otsustab juhatus.<br>3.3. \u00dchingu liikmest v\u00e4ljaastumine toimub v\u00e4ljaastuja kirjaliku avalduse alusel. \u00dchingu liikmemaksu ei tagastata. \u00dchingust v\u00e4ljaastuja peab andma avalduse juhatusele \u00fcks kuu enne soovitud lahkumiskuup\u00e4eva.<br>3.4. \u00dchingust v\u00e4ljaarvamine<br>3.4.1. \u00dchingu liikmest v\u00e4ljaarvamine toimub \u00dchingu juhatuse otsuse alusel.<br>3.4.2. V\u00e4ljaarvamise otsust peab toetama v\u00e4hemalt kolm \u00dchingu juhatuse liikmetest.<br>3.4.3. \u00dchingu liige, kes ei austa \u00dchingu p\u00f5hikirja v\u00f5i ei t\u00e4ida \u00dchingu juhatuse v\u00f5i \u00fcldkoosoleku otsuseid, v\u00f5idakse juhatuse otsusega \u00dchingust v\u00e4lja arvata.<br>3.4.4. \u00dchingust v\u00e4ljaarvatud isikule saadab juhatus oma otsuse viieteistk\u00fcmne t\u00f6\u00f6p\u00e4eva jooksul otsuse tegemisest arvates. Otsuses peab olema \u00e4ra n\u00e4idatud \u00dchingust v\u00e4ljaarvamise p\u00f5hjus.<br>3.4.5. \u00dchingu juhatuse otsuse peale v\u00f5ib v\u00e4ljaarvatud liige esitada vastulause \u00fche kuu jooksul \u00fcldkoosolekule juhatuse kaudu arvates vastava otsuse k\u00e4ttesaamisest.<br>3.4.6. \u00dchingu \u00fcldkoosoleku otsus on l\u00f5plik.<\/li><li>TLI\u00dc liikmete \u00f5igused ja kohustused.<br>4.1. Liikmel on \u00f5igus:<br>4.1.1. Osaleda h\u00e4\u00e4le\u00f5igusega TLI\u00dc \u00fcldkoosolekul<br>4.1.2. Esitada ettepanekuid juhatusele TLI\u00dc tegevuse parandamiseks.<br>4.1.3. Osaleda TLI\u00dc tegevuses ja \u00fcritustel.<br>4.1.4. Saada t\u00e4ielikku informatsiooni TLI\u00dc tegevuse kohta.<br>4.2. Liige on kohustatud:<br>4.2.1. J\u00e4rgima TLI\u00dc tegevuses osalemisel p\u00f5hikirja, t\u00e4ima juhtorganite otsuseid, mis ei ole vastuolus Eesti Vabariigis kehtivate \u00f5igusaktidega ja k\u00e4esoleva p\u00f5hikirjaga.<br>4.2.2. Osalema TLI\u00dc tegevuses \u00fchtsete p\u00f5him\u00f5tete ja eesm\u00e4rkide saavutamise nimel.<br>4.2.3. Tasuma \u00f5igeaegselt TLI\u00dc liikmemaksu, mille suuruse ja maksmise korra kehtestab \u00fcldkoosolek.<\/li><li>TLI\u00dc \u00fcldkoosolek<br>5.1. TLI\u00dc k\u00f5rgeim organ on liikmete \u00fcldkoosolek.<br>5.2. TLI\u00dc liikmete \u00fcldkoosoleku kutsub kokku juhatus v\u00e4hemalt \u00fcks kord kalendriaasta jooksul.<br>5.3. \u00dcldkoosoleku aeg teatatakse v\u00e4hemalt kaks n\u00e4dalat ette enne selle toimumist.<br>5.4. Erakorraline \u00fcldkoosolek kutsutakse kokku juhatuse algatusel v\u00f5i seaduses s\u00e4testatud korras.<br>5.5. Igal TLI\u00dc liikmel on \u00fcldkoosolekul 1 h\u00e4\u00e4l.<br>5.6. TLI\u00dc \u00fcldkoosoleku p\u00e4devusse kuulub:<br>5.6.1. P\u00f5hikirja muutmine.<br>5.6.2. Eesm\u00e4rgi muutmine.<br>5.6.3. Eelneva aasta majandus- ja tegevusaruande kinnitamine.<br>5.6.4. Eelarve kinnitamine.<br>5.6.5. \u00dchingu esimehe ja juhatuse liikmete arvu kinnitamine.<br>5.6.6. Juhatuse liikmete valimine.<br>5.6.7. Juhatuse liikmete t\u00f6\u00f6 tasustamine.<br>5.6.8. Revisjonikomisjoni liikmete arvu kinnitamine ja liikmete valimine.<br>5.7. \u00dcldkoosoleku otsus on vastu v\u00f5etud, kui selle poolt h\u00e4\u00e4letab \u00fcle poole \u00fcldkoosolekul osalenud TLI\u00dc liikmetest v\u00f5i nende esindajatest.<br>5.8. P\u00f5hikirja muutmise otsus on vastu v\u00f5etud, kui selle poolt on h\u00e4\u00e4letanud \u00fcle 2\/3 \u00fcldkoosolekul osalenud liikmetest v\u00f5i nende esindajatest.<\/li><li>TLI\u00dc juhatus<br>6.1. Juhatuses on v\u00e4hemalt viis liiget, mille \u00fcheks liikmeks on juhatuse esimees, kes korraldab \u00fchingu tegevust ja asjaajamist.<br>6.2. Juhatuse esimehe valib juhatus<br>6.3. Juhatus valitakse kolmeks aastaks.<br>6.4. Juhatuse igal liikmel on \u00f5igus esindada TLI\u00dc k\u00f5igis \u00f5igustoimingutes.<br>6.5. Juhatus peab TLI\u00dc liikmetele andma vajalikku teavet juhtimise kohta ja esitama nende n\u00f5udel vastava aruande.<br>6.6. Juhatuse tegevusvaldkondadeks on:<br>6.6.1. Koolitustegevus.<br>6.6.2. Avaliku arvamusse kujundamine, suhtlemine ajakirjandusega.<br>6.6.3. Invapoliitilised \u00fclesanded:<\/li><\/ol>\n\n\n\n<ul class=\"wp-block-list\"><li>ligip\u00e4\u00e4setavus<\/li><li>majanduslik kindlustatus\/kindlusetus;<\/li><li>transpordik\u00fcsimused;<\/li><li>parkimisprobleem;<\/li><li>isiklik abistaja\/saatja, koduabi;<\/li><li>rehabilitatsiooniga seotud tegevused;<\/li><li>eluasemete k\u00fcsimused;<\/li><li>abivahendite alane n\u00f5ustamine;<\/li><li>t\u00f6\u00f6 ja haridus;<\/li><li>noortek\u00fcsimused.<br>6.6.4. Tegevusaparaadi t\u00f6\u00f6 eest vastutamine.<br>6.6.5. TLI\u00dc majandamine.<br>6.6.6. Kontaktid riigiasutustega.<br>6.6.7. Kontaktid teiste riikidega, l\u00e4hipiirkondadega.<br>6.6.8. Klubiline t\u00f6\u00f6, vaba aja sisustamine.<br>6.6.9. Puhkev\u00f5imaluste otsimine.<br>6.7. TLI\u00dc juhatuse liikmel on \u00f5igus n\u00f5uda \u00fchingu \u00fclesannete t\u00e4itmisel tehtud vajalike kulutuste h\u00fcvitamist.<br>6.8. TLI\u00dc juhatuse liikme v\u00f5ib tagasi kutsuda kohustuste olulisel m\u00e4\u00e4ral t\u00e4itmata j\u00e4tmise eest v\u00f5i v\u00f5imetuse korral TLI\u00dc juhtida.<br>6.9. TLI\u00dc juhatuse liikme tagasikutsumise otsustab \u00fcldkoosolek.<br>6.10. TLI\u00dc juhatus v\u00f5tab oma otsusega t\u00f6\u00f6le palgalised t\u00f6\u00f6tajad, kes v\u00f5ivad olla juhatuse liikmed.<br>6.11. TLI\u00dc juhatus on otsustusv\u00f5imeline, kui koosolekul osaleb \u00fcle poole juhatuse liikmetest.<\/li><\/ul>\n\n\n\n<ol class=\"wp-block-list\"><li>Varad, majandustegevus ja j\u00e4relevalve<br>7.1. TLI\u00dc valdab, kasutab ja k\u00e4sutab oma vara vastavalt p\u00f5hikirjale.<br>7.2. Oma p\u00f5hikirjaliste \u00fclesannete t\u00e4itmiseks on TLI\u00dc-l \u00f5igus s\u00f5lmida lepinguid ning kasutada oma rahalisi vahendeid vastavalt \u00fcldkoosoleku poolt kinnitatud eelarvele.<br>7.3. TLI\u00dc rahalised vahendid koosnevad:<br>7.3.1. Liikmemaksust.<br>7.3.2. Sihtotstarbelistest eraldistest.<br>7.3.3. Annetustest, sh. sihtotstarbelistest annetustest.<br>7.3.4. Majandustegevusest, \u00fcrituste korraldamisest laekuvatest summadest.<br>7.3.5. Muudest laekumistest.<br>7.4. Revisjonikomisjon kontrollib v\u00e4hemalt 1 kord aastas TLI\u00dc finants\u2013 ja majandustegevust, rahaliste vahendite ja varade seadus- ja sihip\u00e4rast kasutamist.<br>7.5. Revisjonikomisjon esitab juhatusele ja \u00fcldkoosolekule revideerimisaktid.<\/li><li>Raamatupidamine<br>8.1. Juhatus korraldab TLI\u00dc raamatupidamise vastavalt kehtivatele raamatupidamise \u00f5igusaktidele.<\/li><li>Majandusaasta aruanne<br>9.1. P\u00e4rast majandusaasta l\u00f5ppu koostab juhatus raamatupidamise aastaaruande ja tegevusaruande seaduses s\u00e4testatud korras.<br>9.2. Juhatus esitab aruanded \u00fcldkoosolekule kuue kuu jooksul, arvates majandusaasta l\u00f5ppemisest. Aruannetele tuleb lisada revisjonikomisjoni aruanne.<br>9.3. Majandusaasta aruande kinnitamise otsustab \u00fcldkoosolek.<br>9.4. Kinnitatud majandusaasta aruandele kirjutavad alla k\u00f5ik juhatuse liikmed.<\/li><li>\u00dchinemine, jagamine l\u00f5petamine<br>10.1. TLI\u00dc \u00fchinemise, jagunemise v\u00f5i l\u00f5petamise ning likvideerimise otsustab \u00fcldkoosolek seaduses ja p\u00f5hikirjas s\u00e4testatud korras. Likvideerijateks on juhatuse liikmed v\u00f5i \u00fcldkoosoleku poolt m\u00e4\u00e4ratud isikud.<br>10.2. P\u00e4rast v\u00f5lausaldajate k\u00f5igi n\u00f5uete rahuldamist antakse TLI\u00dc allesj\u00e4\u00e4nud vara \u00fcle Tulumaksusoodustusega mittetulundus\u00fchingute ja sihtasutuste nimekirja kantud samalaadse tegevusega mittetulundus\u00fchingutele. K\u00e4esolevas punktis nimetatud tunnustele vastavatest isikutest teeb valiku \u00fcldkoosolek.<br>K\u00e4esolev p\u00f5hikiri on vastu v\u00f5etud Tallinna Liikumispuudega Inimeste \u00dchingu \u00fcldkoosolekul Tallinnas, 06.06.2019. Endla 59<\/li><\/ol>\n","protected":false},"excerpt":{"rendered":"<p>TALLINNA LIIKUMISPUUDEGA INIMESTE \u00dcHING P\u00d5HIKIRI \u00dclds\u00e4tted1.1 \u00dchingu nimi on Tallinna Liikumispuudega Inimeste \u00dching.1.2 \u00dchingu ametlik l\u00fchend \u2013 TLI\u00dc1.3 TLI\u00dc on parteipoliitiliselt ja religioosselt s\u00f5ltumatu avalikes huvides tegutsev vabatahtlik ja heategevuslik \u00fchendus.1.4 TLI\u00dc on mittetulunduslik era\u00f5iguslik juriidiline isik, mille eesm\u00e4rk on koondada k\u00f5igi Tallinna liikumispuudega inimeste huvid ja seista nende \u00fchishuvide eest v\u00f5imu- ja valitsemisorganites.1.5 TLI\u00dc [&hellip;]<\/p>\n","protected":false},"author":1,"featured_media":0,"parent":0,"menu_order":0,"comment_status":"closed","ping_status":"closed","template":"","meta":{"footnotes":""},"class_list":["post-31","page","type-page","status-publish","hentry"],"_links":{"self":[{"href":"https:\/\/www.tliy.ee\/index.php?rest_route=\/wp\/v2\/pages\/31","targetHints":{"allow":["GET"]}}],"collection":[{"href":"https:\/\/www.tliy.ee\/index.php?rest_route=\/wp\/v2\/pages"}],"about":[{"href":"https:\/\/www.tliy.ee\/index.php?rest_route=\/wp\/v2\/types\/page"}],"author":[{"embeddable":true,"href":"https:\/\/www.tliy.ee\/index.php?rest_route=\/wp\/v2\/users\/1"}],"replies":[{"embeddable":true,"href":"https:\/\/www.tliy.ee\/index.php?rest_route=%2Fwp%2Fv2%2Fcomments&post=31"}],"version-history":[{"count":3,"href":"https:\/\/www.tliy.ee\/index.php?rest_route=\/wp\/v2\/pages\/31\/revisions"}],"predecessor-version":[{"id":36,"href":"https:\/\/www.tliy.ee\/index.php?rest_route=\/wp\/v2\/pages\/31\/revisions\/36"}],"wp:attachment":[{"href":"https:\/\/www.tliy.ee\/index.php?rest_route=%2Fwp%2Fv2%2Fmedia&parent=31"}],"curies":[{"name":"wp","href":"https:\/\/api.w.org\/{rel}","templated":true}]}}